 112. What is the units digit of p/(-12)*(4 - 1)?
7
Suppose 0 = i + 2*j - 20, -i - 3*j + 0*j = -20. What is the units digit of -32*(-1)/(i/35)?
6
What is the hundreds digit of (-158 - 0)*((-99)/(-22) + -6)?
2
Suppose 2700 = 4*y + 5*y. Suppose 0 = -0*b + 5*b - y. What is the units digit of b?
0
Let v(m) be the third derivative of m**4/24 - m**3 - 7*m**2. Let p be v(9). What is the tens digit of -1*(1 - p) + 38?
4
Suppose c - 2*c = -2. Let r(a) = -10 - 3*a**3 + c + 2*a - 6*a**2 + 4*a**3. What is the units digit of r(6)?
4
Let p = -6 + 9. Suppose -3*i = -0*i - p, -4*k = -4*i - 80. What is the tens digit of k?
2
Let g(v) be the first derivative of v**3/3 - v**2 + v - 20. What is the units digit of g(11)?
0
Let q = -8 + 6. Let r be (-27 - -7)*(-1)/q. Let j = r + 36. What is the units digit of j?
6
Suppose -2*d + 1751 = 3*q, 0 = 5*d - 0*d - q - 4352. What is the tens digit of d?
7
What is the units digit of (150/(-6))/((-6)/(-8) + -1)?
0
Suppose -4*n + 246 = b, 3*n = 4*b + b + 196. Let o = n - -24. Suppose 2*m = -3*r - r + 58, -4*m = -2*r - o. What is the units digit of m?
3
What is the hundreds digit of (2 - 1)/(3 + -4)*-424?
4
Suppose 5*u = 0, 0 = 2*f + 4*u - 5*u - 6. Let r = 114 + f. What is the tens digit of r?
1
Let l = 3743 - 1240. What is the units digit of l?
3
Let l(u) = 2*u - 2. Let a be l(1). Suppose -m - 4*i = -a*i + 81, -224 = 4*m - 4*i. Let s = m - -88. What is the units digit of s?
7
Let d(x) = -138*x + 206. What is the units digit of d(-3)?
0
Suppose -4*d - 39 = -5*l + 119, -3*d - 96 = -3*l. What is the units digit of l?
0
Let m = 21 - 40. Let r = 25 + m. Suppose 43 = -5*f + r*f. What is the units digit of f?
3
Suppose 0 = -4*c + b + 10821, 5*c - 4622 = -5*b + 8898. What is the hundreds digit of c?
7
Let p(j) = 309*j - 71. What is the units digit of p(2)?
7
Suppose -z = -0*z + 4*a - 26, a = z - 1. Let g be 978/12 + (-9)/z. Suppose 0*s + g = 4*s. What is the units digit of s?
0
Let b = -1396 - -2938. What is the thousands digit of b?
1
Let r(u) = -2*u**3 + 2*u**2 - 1. Let a be r(-1). Suppose -179 = -2*n - a*q, 6*n - 4*q = 3*n + 260. What is the units digit of n?
8
Let t = -15 + 107. Let d = t - -125. What is the hundreds digit of d?
2
Let z = -712 - -1360. What is the units digit of z?
8
Suppose -29*a + 10167 = -7987. What is the hundreds digit of a?
6
Let a(w) = -45*w + 274. What is the units digit of a(6)?
4
Suppose 0 = 5*a - 2*r - 717, 7*a + 419 = 10*a - 4*r. What is the tens digit of a?
4
Let q = -36 - -4. Let r = q + 111. What is the units digit of r?
9
Let h(p) = -p**3 - 12*p**2 - 27*p + 4. Let j be h(-9). Suppose 3*x + 2*v - 222 = x, 0 = -3*x - j*v + 329. What is the hundreds digit of x?
1
Let b = -3684 - -8079. What is the hundreds digit of b?
3
Let v be 57*-1*17/(-51). Suppose 4*j + 20 = -2*o, -2*o + 5*j = -3*o - v. What is the tens digit of 3 + (47 - (o - -1))?
5
Let f = 5720 - 2323. What is the units digit of f?
7
Suppose 3*y = 64 - 274. Let r = y + 130. What is the units digit of r?
0
Suppose 3*z - 17 = -4*y, -3*z + 3*y - 6*y = -15. Suppose 3*d - 3*b = -4812, -8021 = 8*d - z*d - 4*b. What is the tens digit of d/(-39) - 12/78?
4
Let s = -292 + 63. Let u = 7 - s. What is the tens digit of u?
3
Let q(w) = 4*w**2 - 1. Let x be q(-1). Suppose -x*v = 3*v - 300. What is the tens digit of v?
5
Suppose 5*p = p + 5*j + 45, -p + j = -10. What is the tens digit of (230/(-4))/(1*p/(-10))?
1
Let r be ((-2)/4)/(3/(-564)). Suppose -4*j + 152 = -2*j + 2*d, -r = -j + 5*d. Let m = j + -47. What is the tens digit of m?
3
Let n(s) = s + 15. Let j be n(-5). Suppose -j*o + 6*o + 664 = 0. What is the units digit of o?
6
Let f be ((-9)/6)/((15/(-5))/174). What is the tens digit of (-58)/f + 248/3?
8
Let a = -3 - -15. Let l = a - 7. Suppose 0 = -y - 3*m - 10, m - 7 = -l*y + 13. What is the units digit of y?
5
Let h(a) = a**3 - 4*a**2 - 3*a - 1. Let o be h(5). Suppose 0 = 8*p - o*p + 125. What is the tens digit of p?
2
Let f be (-3 - 3/(-1))/(-2). Suppose f = -i + 3*c - 0*c - 10, -4*i + 5 = -3*c. Suppose -v + 151 = 2*v + i*b, 5 = -5*b. What is the units digit of v?
2
Let v = 36 - 34. Suppose -4*h + 54 = v*h. What is the units digit of (-12)/18 - (-15)/h?
1
Suppose -v - 3*k = -588, 1180 = -6*v + 8*v + 2*k. What is the units digit of v?
1
Suppose -5*n + 376 = -1529. What is the tens digit of n?
8
Let z(w) = 7*w - w - 2*w - 5*w - 9. Let d be z(-11). What is the units digit of 24/d*56/16?
2
Let z = -4 + 1. Let l(v) be the second derivative of v**4/12 + v**3/2 + v**2/2 + v - 13. What is the units digit of l(z)?
1
Let z = -10 - -14. Let h be 1*z - (1 + -1). Suppose -3*v + 79 = -k, -h*k - 151 = -4*v - 35. What is the tens digit of v?
2
Let x be (1 + 154/8)*4. Let k be (2*2/20)/((-20)/(-11300)). Let i = k - x. What is the tens digit of i?
3
Suppose 108 = -3*x + w, 2*w = x + 4*w + 36. Let p = x - -26. What is the units digit of (p + 8)*(2 + -5)?
6
Let r(i) = -20*i - 1. Suppose -11 = 4*y - o, -2*o + 4 = -6*o. What is the tens digit of r(y)?
5
Suppose 6*v = 12*v. Suppose -2*r + 170 - 32 = v. What is the units digit of r?
9
Let j be (18/(-30))/((-3)/10). Suppose j*r = 5*b - 31, 4*r + 3*b - 3 = -0. What is the units digit of 1940/30 + 2/r?
4
Let j(z) = -z**2 + z - 3. Let l be j(-3). Let q = l + 14. What is the tens digit of (-136)/(-5) + q/5?
2
Let j = 22 - -7. Let x = 43 - j. What is the tens digit of (-13 - -4)*x/(-6)?
2
Suppose -4*j = p - 10, 2*p - 2*j + 13 = -7. What is the tens digit of (-1)/p*-3*-66?
3
Let u be ((-273)/12)/((-2)/8). Suppose -5*p - 461 = -u. Let i = 105 + p. What is the tens digit of i?
3
What is the tens digit of 568 + (-7 - -6) + 2?
6
Let i be (1/2)/(10/(-200)). Let y = i + 18. What is the units digit of y?
8
Let h be (-3 - -11) + -2 + -2. Suppose 3*f - 5*q + 20 = 8*f, 2*f - h = -3*q. What is the tens digit of (1 - 36/(-8))*f?
4
Suppose -30*f + 33*f + 15 = 0. What is the tens digit of (1 + -21)*(f + (1 - -2))?
4
Let g = 11 + -7. Suppose -g*c + n = -4*n - 453, -2*n = -2*c + 224. What is the hundreds digit of c?
1
Suppose z = -5*g + 5*z + 63, 50 = 4*g - 3*z. Let i = -10 - g. What is the tens digit of (-284)/(-14) + 6/i?
2
Let i be (92/(-2))/(5/(-15)). Let k = i - 58. What is the tens digit of k?
8
Let x = 439 + -135. Suppose x = 4*c + 4*c. What is the tens digit of c?
3
Let b(d) = 15*d + 95. What is the tens digit of b(26)?
8
Suppose -2*v + 269 = 39. Let b = v + -54. What is the units digit of b?
1
Let d = -1 + 8. Let c = d - 7. Let m = c + 14. What is the units digit of m?
4
Let u(f) = f**3 - 6*f**2 - 9*f + 4. Let j be u(6). Let w = j + 111. What is the units digit of w?
1
What is the hundreds digit of 5 - (33810/(-50) + (-2)/(-10))?
6
Let u(j) = j - 2. Let w be u(7). Suppose -5*h = -w*x - 400, 5*x - x - 288 = -4*h. What is the tens digit of h?
7
Let g be 14400/(-176) + (-4)/22. Let j = 159 + g. What is the units digit of j?
7
Let f be 6*(3 + 7/(-3)). Suppose 0 = 5*x - 3*d - 2*d - 50, 0 = f*d + 4. Let b = 19 - x. What is the tens digit of b?
1
Suppose 4*h - t = 163, 1 = -4*t - 11. Let o = 7 - h. What is the units digit of 6/o - 1392/(-33)?
2
Let g = -1606 - -5860. What is the hundreds digit of g?
2
Let u(n) = n + 2. Let v be u(6). Suppose 0 = v*q - 3*q - 75. What is the units digit of q?
5
Suppose -5*g + 7*g - 6 = 0. Suppose 5*u = -2*c + 110, -g*c - 2*c + 298 = u. What is the tens digit of c?
6
Suppose 0 = 3*o + j - 11, 5*j - 2*j - 5 = -2*o. Suppose -d + o*d = 15. Suppose 55 = d*y - 5. What is the units digit of y?
2
Suppose -13*k = -14*k. Suppose k = 2*r + 2*r. Suppose y - 3 + 2 = r. What is the units digit of y?
1
Suppose 31*n - 30*n - 4896 = -2*s, 4*n - 19554 = 2*s. What is the hundreds digit of n?
8
Let f = -33 + 28. Let v(k) = k**2 - 13*k - 12. Let y(n) = -n**2 + 12*n + 12. Let g(q) = f*v(q) - 6*y(q). What is the units digit of g(-5)?
8
Let u(z) = z**2 - 7*z - 2. Let y = 23 + -28. What is the units digit of u(y)?
8
Let w = 29 - 32. What is the units digit of 16 - ((7 - 3) + w)?
5
Let z(p) be the first derivative of p**4/4 + p**3/3 + p**2/2 + 37*p + 81. Suppose 4*q - 4 = -4*m, -3*q = -1 - 2. What is the units digit of z(m)?
7
Suppose 0 = -5*y - 2*x - 0*x - 67, 4*x = y + 31. Let c = y + 18. Suppose 57 + 42 = c*g. What is the units digit of g?
3
Suppose -2*g + 340 + 1058 = 0. What is the units digit of g?
9
Let f(k) = -9 - 17*k**2 +